27?
False
Does 2163 divide 309309?
True
Does 47 divide 21562278?
False
Is 112 a factor of 1552756095?
False
Is 3083080 a multiple of 72?
False
Does 1294 divide 325323246?
True
Does 10 divide 10990081?
False
Is 5746067 a multiple of 23?
True
Is 571166236 a multiple of 276?
False
Is 7035410 a multiple of 55?
False
Is 1600157317 a multiple of 288?
False
Is 634733106 a multiple of 5138?
True
Is 12728510 a multiple of 529?
False
Is 110682542 a multiple of 14?
False
Does 11 divide 19128649?
False
Does 195 divide 1391743289?
False
Is 255 a factor of 34966437?
False
Does 4 divide 24086990?
False
Is 8717313 a multiple of 11?
True
Is 293 a factor of 14584075?
True
Is 115 a factor of 20419630?
True
Is 376 a factor of 3469728?
True
Is 8 a factor of 6124168?
True
Is 20400838 a multiple of 3?
False
Is 64 a factor of 192080128?
True
Is 321375842 a multiple of 113?
True
Does 17 divide 1584811?
False
Is 21552714 a multiple of 19?
False
Is 125444249 a multiple of 3162?
False
Is 133974966 a multiple of 226?
False
Is 716 a factor of 1075395246?
False
Does 3650 divide 164691706?
False
Does 393 divide 973148565?
True
Is 334086968 a multiple of 6440?
False
Does 29 divide 67762854?
False
Is 40310754 a multiple of 58?
True
Is 244277820 a multiple of 15?
True
Is 372084869 a multiple of 8?
False
Does 240 divide 451491120?
True
Is 235865866 a multiple of 4057?
True
Is 31 a factor of 64906405?
True
Is 142 a factor of 306614210?
True
Is 5 a factor of 866755345?
True
Is 172694424 a multiple of 69?
False
Is 7 a factor of 12904566?
False
Is 55 a factor of 12513869?
False
Is 97 a factor of 5193380?
True
Does 5528 divide 235605477?
False
Is 63585780 a multiple of 228?
True
Is 16244784 a multiple of 4176?
False
Does 12 divide 87691493?
False
Is 110596865 a multiple of 2?
False
Is 1066 a factor of 459814836?
True
Does 494 divide 2304328493?
False
Does 307 divide 312812124?
True
Is 106229650 a multiple of 457?
True
Is 22131910 a multiple of 1546?
False
Is 72 a factor of 684432288?
True
Is 816 a factor of 1686044?
False
Is 14 a factor of 146256068?
True
Is 163718208 a multiple of 288?
True
Is 12 a factor of 166173936?
True
Is 37518093 a multiple of 27?
True
Is 10831920 a multiple of 1492?
True
Is 56654171 a multiple of 8?
False
Does 1358 divide 46252122?
True
Is 20455577 a multiple of 601?
False
Is 35 a factor of 12837249?
False
Is 6392 a factor of 85705875?
False
Is 10195795 a multiple of 15?
False
Is 13 a factor of 1047039313?
False
Is 277906159 a multiple of 29?
True
Is 1876584024 a multiple of 1154?
True
Is 1364 a factor of 773149300?
True
Is 7 a factor of 645181943?
True
Is 3111594440 a multiple of 580?
True
Does 10 divide 1233655600?
True
Is 584 a factor of 303139592?
False
Is 1605086484 a multiple of 76?
True
Does 175 divide 20254675?
True
Is 20 a factor of 135900399?
False
Is 1410869152 a multiple of 538?
False
Is 13020415 a multiple of 2?
False
Is 96746193 a multiple of 11?
False
Is 23 a factor of 180260637?
True
Is 61 a factor of 34632079?
True
Does 44 divide 2102848?
True
Does 1306 divide 30378866?
True
Is 57119994 a multiple of 5058?
True
Is 15 a factor of 28300576?
False
Is 1604670 a multiple of 10?
True
Is 172 a factor of 1428208291?
False
Does 123 divide 325545084?
True
Is 1057 a factor of 22248793?
True
Is 18 a factor of 2200490?
False
Does 5297 divide 661145055?
True
Does 8 divide 268786441?
False
Does 1146 divide 2057626956?
True
Does 5 divide 532822995?
True
Is 2100 a factor of 427447351?
False
Is 734233140 a multiple of 23?
True
Is 272 a factor of 1222285516?
False
Is 192 a factor of 445104768?
True
Is 86256935 a multiple of 1025?
False
Is 34 a factor of 979617096?
False
Does 12 divide 18701904?
True
Does 1073 divide 193109110?
False
Is 33013734 a multiple of 39?
True
Does 50 divide 6468828936?
False
Does 48 divide 6012289200?
True
Is 157 a factor of 66136360?
False
Is 8 a factor of 264680?
True
Does 10 divide 298854040?
True
Is 637455840 a multiple of 1158?
True
Does 54 divide 1463454?
True
Is 41383248 a multiple of 212?
True
Is 45669317 a multiple of 57?
False
Does 521 divide 45108701?
True
Does 11 divide 1658736?
False
Does 22 divide 24190741?
False
Does 3 divide 2360806?
False
Is 230 a factor of 80499310?
True
Is 19 a factor of 497040171?
True
Is 28 a factor of 14331128?
True
Is 5 a factor of 19101785?
True
Is 23 a factor of 96310478?
False
Is 209 a factor of 6880071?
True
Is 490 a factor of 122933714?
False
Is 39125038 a multiple of 31?
True
Is 1109 a factor of 476875631?
False
Does 11 divide 179011943?
True
Does 2 divide 971007?
False
Is 160465428 a multiple of 27?
True
Is 72057477 a multiple of 385?
False
Is 41513603 a multiple of 120?
False
Is 116640464 a multiple of 436?
True
Does 71 divide 740209267?
False
Is 12 a factor of 159548336?
False
Does 40 divide 14430752?
False
Is 1072497 a multiple of 40?
False
Is 7 a factor of 1281346?
False
Is 30261875 a multiple of 65?
False
Is 62 a factor of 17962826?
True
Is 2547 a factor of 40326651?
True
Does 388 divide 77728482?
False
Is 755576340 a multiple of 229?
True
Does 145 divide 157624715?
True
Is 648 a factor of 18741456?
True
Is 32039730 a multiple of 1461?
True
Is 1840939590 a multiple of 995?
False
Is 346 a factor of 338687290?
True
Does 118 divide 96270772?
True
Is 530515266 a multiple of 2242?
False
Is 29 a factor of 30286277?
False
Is 1228286 a multiple of 55?
False
Is 10 a factor of 133514750?
True
Does 49 divide 11530523?
False
Is 33807146 a multiple of 2283?
False
Is 1473294420 a multiple of 324?
True
Does 16 divide 737789152?
True
Does 2346 divide 14197631?
False
Is 986883853 a multiple of 116?
False
Does 7 divide 634490876?
False
Is 118 a factor of 2563371584?
True
Does 336 divide 66555888?
True
Does 715 divide 4116320780?
True
Is 6 a factor of 85620124?
False
Is 71292740 a multiple of 4?
True
Is 81615870 a multiple of 135?
True
Is 265231464 a multiple of 687?
True
Is 646 a factor of 843342912?
False
Is 1517263550 a multiple of 50?
True
Is 59 a factor of 4539372?
False
Is 41280103 a multiple of 503?
False
Is 56429478 a multiple of 14?
True
Is 217502306 a multiple of 40?
False
Is 623332 a multiple of 582?
False
Is 2499237 a multiple of 194?
False
Is 167 a factor of 2449138992?
False
Is 205513204 a multiple of 4979?
True
Does 41 divide 1162171281?
True
Does 6 divide 297135966?
True
Is 507511220 a multiple of 10?
True
Is 280344498 a multiple of 831?
True
Is 51 a factor of 15704980?
False
Does 115 divide 113537085?
True
Is 858 a factor of 139609470?
True
Is 1377 a factor of 271454357?
False
Is 38720366 a multiple of 19?
True
Does 81 divide 12893418?
True
Does 32 divide 1123288261?
False
Does 34 divide 855377248?
False
Does 729 divide 221381262?
True
Is 455 a factor of 37842350?
True
Is 222425118 a multiple of 9?
True
Is 1364504526 a multiple of 66?
True
Is 372956485 a multiple of 4302?
False
Is 765 a factor of 37058130?
True
Does 20 divide 399694545?
False
Is 214024284 a multiple of 139?
False
Is 75 a factor of 19140419?
False
Is 2830 a factor of 1518244302?
False
Does 54 divide 223494984?
True
Is 36 a factor of 2080986120?
True
Is 37 a factor of 4059529?
True
Is 566 a factor of 2268608550?
False
Is 2525 a factor of 125606125?
True
Is 4603 a factor of 83650319?
True
Is 436827614 a multiple of 25?
False
Is 1107914787 a multiple of 65?
False
Does 2382 divide 626238732?
False
Is 690298161 a multiple of 8?
False
Is 11802956 a multiple of 1199?
True
Is 1618806672 a multiple of 504?
True
Does 2106 divide 98940336?
False
Is 42929424 a multiple of 141?
True
Is 13 a factor of 5718227?
False
Does 13 divide 117676181?
False
Is 963 a factor of 457179366?
False
Does 10 divide 4249352891?
False
Is 1245 a factor of 476835?
True
Is 30 a factor of 51682144?
False
Does 23 divide 9767502?
True
Is 8 a factor of 14487208?
True
Is 93841953 a multiple of 503?
False
Does 6093 divide 480941687?
False
Is 41 a factor of 40408338?
False
Does 5 divide 361855548?
False
Is 16 a factor of 186837712?
True
Is 25469290 a multiple of 62?
True
Is 4401610 a multiple of 358?
True
Does 2622 divide 60444966?
True
Does 32 divide 24529812?
False
Does 40 divide 130741560?
True
Does 1709 divide 1765277370?
True
Is 337 a factor of 13829735?
False
Does 1036 divide 51330692?
True
Is 3960949 a multiple of 6?
False
Is 66429001 a multiple of 3937